23, 29
Let y = 1295 + 146. Suppose y = -8*f + 4193. Suppose s + 4*s + 2*j - 572 = 0, -3*s - 2*j = -f. List the prime factors of s.
2, 3, 19
Let v(g) = 15*g**2 + 5*g + 16. Suppose -4*a + 11 = -s, s - 16 = -5*a - 0*s. Suppose 22 - 10 = -a*u. What are the prime factors of v(u)?
2, 59
Suppose 3*i = 5*f - 9050, -3*f + 4*i = -3565 - 1876. List the prime factors of f.
13, 139
Let v = -8941 + 23752. List the prime factors of v.
3, 4937
List the prime factors of (-3705150)/(-465) - -13 - 2/31.
23, 347
Let v(k) = 6*k**2 + 4*k - 65. Let r be v(20). Suppose -99*f + g + r = -95*f, 0 = 5*f + 2*g - 3009. List the prime factors of f.
3, 67
What are the prime factors of (-36 - 231)/(145/74 + -2)?
2, 37, 89
Suppose 0 = -9*a + 5*a + 8. Suppose -1 - 9 = a*d. List the prime factors of (66/8)/(d/(-40)).
2, 3, 11
Let o = 146 - 211. Let y = o + -90. What are the prime factors of (232/10 - -1) + (-124)/y?
5
Let c(q) be the first derivative of q**4 + 4*q**3/3 + q**2/2 + 2*q - 1492. Let z = -3 - -6. What are the prime factors of c(z)?
149
Let x be (0 + 1)*7083/9. Suppose 4*g + 5*q + 15 = 0, -2*q + 10 - 16 = -4*g. Suppose g = -j - 3*h + 176, 4*j = 5*h - 66 + x. List the prime factors of j.
179
Suppose 11*q - 60 = -5. Suppose h + 740 = 4*a - 20, 5*h = -q*a + 925. List the prime factors of a.
3, 7
Suppose 9 = 2*c - 9. Let a be (-9 - -8)*-3*6/c. Suppose -2*j = -5*w + j + 817, -5*w + a*j + 818 = 0. What are the prime factors of w?
2, 41
What are the prime factors of 204/(-34) - (-44)/6 - 50410/(-15)?
2, 41
Suppose -14*b = 23*b - 50061. Let t = b - 665. List the prime factors of t.
2, 43
Let c(t) be the third derivative of t**5/10 - t**4/12 - t**3/2 + 27*t**2. Let d = 1 + -3. What are the prime factors of c(d)?
5
Let r(p) = -p**2 + p + 5. Let f be r(3). Let a be (-1)/(-3)*3 + f. Suppose -3*m = -5*u - 297, -3*m + 2*u + u + 291 = a. List the prime factors of m.
2, 47
Suppose -5*a + 17116 = -x, -32 = -4*x - 16. List the prime factors of a.
2, 107
Suppose 114*x - r - 42754 = 112*x, 85498 = 4*x + 3*r. What are the prime factors of x?
2, 167
Suppose 61*m = 56*m. Suppose -981 = -5*k + 2*z + 1261, -2*k - 4*z + 892 = m. What are the prime factors of k?
2, 7
Suppose -3*o + 3*a = 1596, -3*o = -2*a + a + 1596. List the prime factors of (25/((-25)/o))/((-2)/(-2)).
2, 7, 19
Suppose -t + 8 = 2*t - 5*l, -4*l + 20 = 0. Let p = 6 - t. What are the prime factors of (-8 + 425/p)/(-1*1)?
3, 31
Let p be 7 + (-7)/((-49)/(-35)). Suppose 2*j - 114 = 2*q, p*j = -6*q + 5*q + 105. What are the prime factors of j?
2, 3
Let q be 252/6 + 2*3/(-6). Let i = 45 - q. Suppose i*m - 97 - 27 = 0. List the prime factors of m.
31
Let r = -15539 - -24106. What are the prime factors of r?
13, 659
Let w(j) = -11*j**2 - 3*j - 1. Let z be w(-1). Let i be -3*(4 - 309/z). Let y = -63 - i. List the prime factors of y.
2, 13
Let g(p) = 14*p - 2 - 49*p**2 - 55*p**2 + 105*p**2. What are the prime factors of g(7)?
5, 29
Suppose -10*b + 10*b - 285854 = -47*b. What are the prime factors of b?
2, 3041
Suppose 33*m - 24*m - 99 = 0. Suppose -m*k = -5*k - 372. What are the prime factors of k?
2, 31
Suppose -11*h + 13 + 75 = 0. Suppose -7*o = h*o - 4590. List the prime factors of o.
2, 3, 17
Let i = 304 + -311. Let m(n) = -4*n + 1. List the prime factors of m(i).
29
Suppose 4*l - 1153*g + 1154*g = 7136, -3*l + 5352 = 4*g. What are the prime factors of l?
2, 223
Let z(b) = -25*b**3 + 2*b**2 + 28. Let k(h) = -8*h**3 + h**2 + 9. Let d(p) = -7*k(p) + 2*z(p). List the prime factors of d(4).
7, 47
What are the prime factors of 2866 - 12 - 25/5?
7, 11, 37
Let k(u) = -218*u + 4. Suppose 27 = -4*b + 4*j - 9*j, -3*j + 3 = -4*b. List the prime factors of k(b).
2, 7, 47
Let a = -17387 + 37121. List the prime factors of a.
2, 3, 11, 13, 23
Let a be (12/12)/((-2)/2 - -2). Let s be (3/a + -159)*1/2. Let l = s + 188. List the prime factors of l.
2, 5, 11
Let u(m) = -7026*m - 8201. What are the prime factors of u(-5)?
7, 3847
Let x(t) = -3518*t**3 - t**2 - 22*t - 20. List the prime factors of x(-1).
3, 17, 23
Suppose 74*h = 68*h - 246. What are the prime factors of 1 + (6 - 7)*h?
2, 3, 7
Let s(z) be the first derivative of z**4/4 + 22*z**3/3 + 21*z**2/2 + 7*z + 45. List the prime factors of s(-20).
3, 43
Suppose 24*n + 16*n = 7*n + 802164. List the prime factors of n.
2, 59, 103
Let o = -90 + 141. Let h = o - -36. What are the prime factors of h?
3, 29
Let a(j) = -7*j**2 - 9*j - 8. Let i be a(-4). Let m be (i/5)/(4*2/(-580)). Suppose -5*p - 366 = 2*z - m, p + z - 168 = 0. List the prime factors of p.
2, 43
Suppose 41*o = -6*o + 214508. What are the prime factors of o?
2, 7, 163
Suppose -255788 = -4*k - m - 30233, 0 = -3*k + 2*m + 169147. What are the prime factors of k?
113, 499
Let c = 22 + -18. Let u(d) = -37*d - 19 - 23*d - c*d. List the prime factors of u(-3).
173
Let q = 1849 - 1152. Let v = q - 350. List the prime factors of v.
347
Suppose -5*g - 4*d + 62046 = 0, 13*d + 24808 = 2*g + 12*d. List the prime factors of g.
2, 6203
List the prime factors of ((590/(-20))/59)/(3/(-263142)).
3, 11, 443
Suppose -15*m + 35*m = -6860. Let p = 506 + m. List the prime factors of p.
163
What are the prime factors of ((-20)/50)/((-36)/867609) - 1/10?
2, 5, 241
Suppose 7*n - 10*n - 93 = 0. Let q = n - -177. List the prime factors of q.
2, 73
Suppose 0 = v - 3 + 6. List the prime factors of 661 + 30/6 - v.
3, 223
Let r(u) be the third derivative of u**6/30 + u**5/20 - u**4/12 - u**3/6 - 2*u**2 - 2. Suppose 4 - 10 = -3*a. What are the prime factors of r(a)?
3, 13
Suppose -c + 6 = -7*c. Let b be ((4 - 4)/(-4)*-1)/c. Suppose -4*a - q + 2*q + 812 = 0, -a + q + 200 = b. List the prime factors of a.
2, 3, 17
What are the prime factors of ((-10865)/(-82))/(2*(-2)/(-184))?
5, 23, 53
Let t(q) = -q**3 + q**2 + q - 6. Let y be t(-2). Suppose 4*g + 260 = 5*g + 3*f, 16 = y*f. List the prime factors of g.
2, 31
Let t = -33 - -77. Let h be (-33)/t + 2/(-8). List the prime factors of (91 - 2) + (-5 - h).
5, 17
Let c = -69 - -49. Let m be 4*2/c*-10. Suppose -m*g = 5*x - 140, -3*x - 4 = 8. List the prime factors of g.
2, 5
What are the prime factors of 1/(39/49270)*48/5?
2, 379
Let x(z) = 5*z - 31. Suppose -11*p = -784 + 36. Suppose -c - w = 3*w - 31, 4*c - p = -2*w. What are the prime factors of x(c)?
2, 11
Let b be ((-5160)/(-48))/(1/6). Suppose -4*h + b = -491. List the prime factors of h.
2, 71
Let x be (-10)/(-4)*(-2 + 4). Suppose -678 = -x*q - 4*y, -2*y = -0*y - 4. Suppose 5*u - q = 3*u. List the prime factors of u.
67
Suppose 3*i - 34824 = 3*k, 3*i - 2*k - 34825 = -0*i. List the prime factors of i.
13, 19, 47
Suppose -16*v + 6 = -13*v. Let n be v/(-5) - 12/(-5). Suppose -5*x = -2*j - n*j - 499, 5 = -5*j. What are the prime factors of x?
3, 11
Suppose -4*s + 2*a = -10, 3*s - 3*a - 8 = -2. Suppose -j - 4*m = 97, -s*j + 2*m = 6*m + 267. List the prime factors of (-8534)/j - (-3)/5.
101
Suppose x = 5*n + 15561, -4*n - 109097 = -5*x - 31250. List the prime factors of x.
23, 677
What are the prime factors of 4/(-18) + ((-1676336)/72)/(0 + -2)?
7, 1663
Let f(z) = 5*z**2 - 41*z - 18. Let j be f(14). Let q = 754 - j. List the prime factors of q.
2, 3, 61
Let m(d) = 35*d**2 - 15*d - 28. Let y = -102 + 98. List the prime factors of m(y).
2, 37
Suppose -129923 = -40*i - 28523. What are the prime factors of i?
3, 5, 13
Suppose 3*l - 6 = 3*t, l - 2*t = -3*t - 2. Suppose -2*r + 61 + 21 = l. What are the prime factors of r?
41
Suppose 5*a = -4*k - 6695 + 23868, -4*a + 13728 = -2*k. What are the prime factors of a?
3433
Suppose r - 4 = 0, -4*c + 2*c - 4*r - 472 = 0. Let j = 701 + c. What are the prime factors of j?
457
Let x(f) = 22*f**3 + 2*f**2 - 14*f - 9. List the prime factors of x(3).
3, 11, 17
Let t(x) = -11*x**3 - 14*x**2 - 18*x + 25. List the prime factors of t(-9).
2, 13, 17
Let c = 171 + -169. List the prime factors of c*3/(-5)*(2 - 97).
2, 3, 19
Suppose 3*r = 3*n - 22758, 2*n + 37928 = 7*n - 4*r. List the prime factors of n.
2, 3, 79
Let f(p) = -8 + p**2 + 14 - 2*p**2 - 2*p. Let n be f(-5). What are the prime factors of -2 + (-23)/(-2) - n/18?
2, 5
Suppose n - 104728 + 504436 = 5*q, 5*n - 10 = 0. What are the prime factors of q?
2, 39971
Let k(x) = 6*x - 10. Let r be k(0). Let h = 5 + r. What are the prime factors of (183 - h) + (-6)/3?
2, 3, 31
Let b(i) = 250*i**3 + 3*i**2